 2*x + 45 = 2*d - x, -4*d - 5*x = -t. Calculate the highest common factor of 3 and d.
3
Let u be (-50)/4025*-207*((-196)/6)/(-1). What is the highest common divisor of u and 798?
42
Suppose 0 = 4*m + 4*o + 668, -2*o - 698 = 4*m - 4*o. Let j be 108/(-162) - -13*m/(-6). What is the highest common divisor of j and 12?
12
Let g(d) = d**2 + 6*d - 9. Let n be g(-7). Let r be n/15*(-300)/(-15)*-18. Suppose -r = -3*s + 18. Calculate the highest common factor of 33 and s.
11
Let c be ((-76)/(-95))/(8 + 236156/(-29520)). Calculate the greatest common factor of 16 and c.
16
Suppose -4*r + 5*r + 4*y + 17 = 0, 4*r + 5*y + 13 = 0. Suppose 4*q - 160 = -2*b, -r*b + 256 = -12*q + 10*q. Calculate the greatest common factor of 798 and b.
42
Let l = 19 + -3. Suppose -4*w - m = -176, w + m + 2*m = 44. Suppose -45*s = -w*s - 4. Calculate the highest common factor of s and l.
4
Let g(i) = i**2 - 5*i + 3. Let q be g(7). Suppose u + 0*k - 7 = 2*k, 4*k + q = u. Let w be 1*11 + u + 5 + 0. What is the greatest common divisor of 13 and w?
13
Let m = 67 - 62. Suppose -2*v + 24 = q, m*v - 2*q + 12 = 63. Calculate the highest common factor of 143 and v.
11
Suppose 2*f = -3*v + 570 + 369, 3*f - 320 = -v. Let i = v + -195. What is the highest common factor of i and 29?
29
Let m(f) = -49*f + 1133. Let b be m(21). Calculate the greatest common divisor of b and 299.
13
Let w(o) = -24*o + 5020. Let x be w(-58). What is the highest common factor of 687 and x?
229
Suppose -105 = -r - 95. Suppose 4*z + 4*z - 1040 = 0. What is the highest common factor of z and r?
10
Suppose 0 = -21*f - 91 + 1414. Let c = -810 + 915. What is the highest common factor of f and c?
21
Suppose -20*y + 1056 = 296. Suppose 31*r = y*r - 1197. What is the highest common factor of 57 and r?
57
Let x = -25677 - -26703. What is the highest common factor of x and 760?
38
Let q = -888 - -910. Let t be 455/273 - ((-1040)/6 - 1). What is the highest common divisor of q and t?
22
Suppose -196*y + 11443 + 12077 = 0. What is the greatest common divisor of 105 and y?
15
Let o be (8/((-32)/(-126)))/(1/6). Let a = 16 + -2. Calculate the highest common factor of o and a.
7
Let p(v) = 213*v - 250. Let u be p(2). What is the highest common factor of 10736 and u?
176
Let x = 151 + -152. Let r be -5 + (x - 0) - -24. Calculate the highest common factor of r and 45.
9
Let b be 288*8/20*(-4)/(48/(-15)). What is the highest common factor of b and 99?
9
Let g = -18313 + 25958. Calculate the greatest common divisor of 55 and g.
55
Let p be 13 + -13 + 14 + 1093. Calculate the highest common factor of p and 27.
27
Suppose 2*j = -h + 7251 - 7098, -135 = -j - 5*h. Let y = -484 - -869. Calculate the greatest common divisor of y and j.
35
Let u = 40 - -13. Let v(z) = 5*z**2 + 3*z + 27. Let f be v(8). What is the greatest common factor of f and u?
53
Let a be (24/(-16))/(3/14) - -88. Let j(d) = -d**3 + d**2 + 1. Let f be j(-4). What is the highest common factor of f and a?
81
Let q(k) = k**2 + 2*k - 1. Let d be q(5). Suppose -3*r = -d - 29. What is the highest common divisor of r and 84?
21
Let a(c) = -3*c**2 + 4*c - 3. Let m be a(-3). Let d = 318 + m. Calculate the greatest common divisor of 12 and d.
12
Let n be (16/4)/(4/(-8)*-4). Let p be -2*((-3828)/456 - n/19). Calculate the greatest common divisor of 187 and p.
17
Let o be (-4 - 28/(-7))/(-1). Suppose -4*f + o*h - 5*h + 2412 = 0, -3*f + 3*h = -1809. Calculate the greatest common factor of 67 and f.
67
Suppose -11*n - 4*x - 5084 = -15*n, 3825 = 3*n + x. What is the highest common divisor of n and 78?
26
Let k be ((-16)/10)/(12/150). Let u be (112/k)/((-4)/110). Suppose 43*o + 406 = 72*o. What is the highest common factor of u and o?
14
Suppose 3*g - 507 = 4*t + 836, 5*t = 5. Let d = -365 + g. Calculate the highest common factor of 56 and d.
28
Let h be 2*3740/8*(-5 - (-261)/45). Calculate the highest common divisor of 170 and h.
34
Let w(q) = 68*q**3 - 17*q**2 + 15*q + 24. Let j be w(5). Calculate the greatest common divisor of 134 and j.
134
Let q = 326 + -195. Suppose 6*n - 3*c - q = 2*n, -c + 3 = 0. Let j be 6/(24 - -6) + 48/10. What is the highest common factor of n and j?
5
Suppose 10*n + 24*n + 2890 = 0. Let j be (-15)/(-6)*(-816)/n. What is the highest common divisor of 744 and j?
24
Suppose 26*f = -175 + 19. Let a be 0 + -3 - (18 + f - 938). Calculate the highest common factor of a and 13.
13
Let g(y) = -y**2 - 24*y + 55. Let q be g(-23). Let f = q + -62. Let b(h) = -16*h. Let l be b(-1). Calculate the greatest common divisor of f and l.
16
Let o(l) = -l + 2*l + l - 2. Let k(n) = -174*n - 511. Let x be k(-3). Let r be o(x). What is the highest common factor of 10 and r?
10
Let g(n) = -n**3 + 11*n**2 + 2. Let a be g(11). Suppose a*x - 190 = -3*x. What is the highest common factor of 19 and x?
19
Suppose 2*z - 206 = -3*z + 2*s, -208 = -5*z + s. Suppose 4*h = -4*k + 148, z = h + 4*k + 14. Calculate the highest common factor of 24 and h.
8
Suppose 4*s - 2*i = -5*i + 29, -i + 3 = 0. Suppose -4*z + 0*z - 12 = 0, s*z + 561 = b. Calculate the greatest common divisor of b and 14.
14
Let y = 11130 + -10020. Calculate the highest common factor of y and 150.
30
Let x be 5 - (2*1 - (-13 - -12)). Suppose -l = -x*t + 10, 2*l + l = -4*t + 20. Let s be (-2)/5 - (1008/t)/(-9). What is the highest common factor of 44 and s?
22
Let x be 25*(14 + (-2392)/230). Suppose 0 = -t + 2*c + 35, c - 110 = -3*t + 2*c. Suppose 3*s - 71 = t. Calculate the greatest common factor of x and s.
18
Suppose -65*b = -77*b + 1212. Suppose u = 43 + b. What is the greatest common factor of 18 and u?
18
Let g(a) = -a**3 - a**2 - 13*a + 71. Let l be g(0). What is the highest common divisor of l and 4899?
71
Suppose -80 = -8178*i + 8176*i. Let q be 3/5 - 4/(-10). Let g(w) = 40*w**2 - w + 1. Let a be g(q). Calculate the highest common factor of i and a.
40
Let b = -2986 - -3150. Calculate the greatest common divisor of b and 1517.
41
Let a be 30/(-4)*(260 + -366). Calculate the greatest common factor of a and 315.
15
Let z(f) = 4*f**2 + 7*f - 3. Let s be z(-7). Suppose 3*o - 38 = -218. Let v be 432/o*10/(-4). Calculate the greatest common factor of v and s.
18
Let v = -56 + 53. Let h = v - -13. Let a be 378/10 + 2/h. What is the greatest common factor of a and 152?
38
Suppose -4*s = -t + 22, 3*s + 5*t = s. Let g(a) = -36*a - 26. Let b be g(s). Suppose 6*k = 7*k - b. Calculate the highest common divisor of 14 and k.
14
Let h(j) = 17*j**2 + 7*j + 1. Suppose 721*y - 9 = 724*y. Let r be h(y). What is the highest common factor of r and 63?
7
Suppose t - d = 127, -d + 6 = -1. Calculate the greatest common divisor of 871 and t.
67
Let i(u) = 19*u**2 - 1368*u + 7. Let p be i(72). Calculate the highest common factor of 427 and p.
7
Suppose -d - 4*x - 8 = d, -2*d = -4*x - 24. Suppose -5*h = -d*p + 844, -3*p = -3*h + 8*h - 668. What is the greatest common divisor of 81 and p?
27
Suppose -4*k + 106 = -2*f, 3*f = -8*k + 5*k + 75. Let u be (2/(-12)*15)/((-1)/k). Calculate the greatest common factor of 13 and u.
13
Suppose -3*o = 98 + 520. Let j = -168 - o. Calculate the greatest common divisor of j and 57.
19
Let c(n) = -n**2 - 13*n - 6. Let u be c(-12). Let v be ((-14)/(-6) - -1)/(4/288). Suppose r - v = -3*r. Calculate the greatest common factor of u and r.
6
Let s = -30558 + 30961. What is the greatest common divisor of 6572 and s?
31
Suppose 7*x + 9*x - 3*x = 107198. Calculate the highest common divisor of x and 2.
2
Suppose -233 = 5*x - 1493. Let a = x + -80. Calculate the highest common factor of a and 129.
43
Suppose -16*n = -11*n + 1010. Let k = -158 - n. What is the greatest common divisor of 88 and k?
44
Suppose 12*b - 3*o = 486, -5*b = 28*o - 30*o - 204. Calculate the highest common divisor of 1280 and b.
40
Suppose 12*o - 23098 = -4*z + 10*o, 0 = -3*z - o + 17321. Calculate the highest common divisor of 12 and z.
12
Let p(r) be the first derivative of -2*r**3/3 + 2*r**2 + 27*r + 20. Let k be p(11). Let a be 1 - 4 - k/9. What is the highest common factor of 112 and a?
16
Let o(u) = -4*u + 72. Let k be o(18). Let z be -4 - -37 - k - 0. What is the greatest common factor of z and 11?
11
Suppose 6*x + 12*x + 2578 = 46462. Calculate the highest common divisor of 92 and x.
46
Let y(h) = -h - 4 + 2*h + 11. Let u(t) = 4*t + 36.